{"id":2964,"date":"2024-10-29T11:20:31","date_gmt":"2024-10-29T10:20:31","guid":{"rendered":"https:\/\/forte-cultura.com\/?post_type=tribe_events&#038;p=2964"},"modified":"2024-10-29T12:07:43","modified_gmt":"2024-10-29T11:07:43","slug":"il-fine-settimana-della-memoria-e-le-2-liberazione","status":"publish","type":"tribe_events","link":"https:\/\/forte-cultura.com\/it\/event\/erinnerungswochenende-undertone-und-die-2-befreiung\/","title":{"rendered":"Weekend della memoria UNDERTONE e la 2a liberazione (DE\/FR)"},"content":{"rendered":"<div  class=\"tribe-events-schedule tribe-clearfix\" >\n\t<p class=\"tribe-events-schedule__datetime\">\n\t\t<span class=\"tribe-events-schedule__date tribe-events-schedule__date--start\">\n\t\t\t14 mar 2025\t\t<\/span>\n\n\t\t\n\t\t\t\t\t\t\t\t\t<span class=\"tribe-events-schedule__separator tribe-events-schedule__separator--time\">\n\t\t\t\t\t\u2013\t\t\t\t<\/span>\n\t\t\t\n\t\t\t\t\t\t\t<span class=\"tribe-events-schedule__date tribe-events-schedule__date--end\">\n\t\t\t\t\t16 marzo 2025\t\t\t\t<\/span>\n\n\t\t\t\t\n\t\t\t\n\t\t\t\t\t\t\t<span class=\"tribe-events-schedule__timezone\">CET<\/span>\n\t\t\t\t\t\t<\/p>\n<\/div>\n\n\n\n<p class=\"eplus-wrapper\">Da met\u00e0 marzo 1945 a fine marzo 1945, l'operazione UNDERTONE condusse gli Alleati attraverso la Linea Sigfrido fino al Reno e port\u00f2 al crollo delle truppe tedesche a ovest del Reno. Per l'Alsazia settentrionale e la Lorena nord-orientale, l'operazione fu la seconda liberazione dopo NORDWIND. Il fine settimana commemorativo sar\u00e0 organizzato con i seguenti eventi:<\/p>\n\n\n\n<p class=\"eplus-wrapper\"><strong>14.03.2025<\/strong> Conferenza \"Entre Rhin et Danube - Sur les traces de la 1e Arm\u00e9e et de la 2e DB - Normandie-Provence-Alsace-Allemagne\" al Mus\u00e9e M\u00e9morial di Walbourg<\/p>\n\n\n\n<p class=\"eplus-wrapper\"><strong>15.03.2025<\/strong> Cerimonia di deposizione di una corona di fiori in memoria di tutti i caduti di NORDWIND e UNDERTONE nel cimitero militare tedesco di Niederbronn, nell'Alsazia settentrionale.<\/p>\n\n\n\n<p class=\"eplus-wrapper\"><strong>15.03.2025 <\/strong>Conferenza \"Tra il Reno e il Danubio - Sulle tracce della 1\u00aa Armata francese e della 2\u00aa Divisione corazzata francese - Normandia-Provence-Alsace-Germania\" presso il Wehgeschichtliches Museum di Rastatt<\/p>\n\n\n<div  class=\"tribe-block tribe-block__event-price\" >\n\t\t<\/div>\n\n\n\n\n<div  class=\"tribe-block tribe-block__venue tribe-clearfix\" >\n\t\n\t\t\n\t<\/div>\n\n\n\n\n\t<div  class=\"tribe-block tribe-block__events-link\" >\n\t\t<div class=\"tribe-events tribe-common\">\n\t\t\t<div class=\"tribe-events-c-subscribe-dropdown__container\">\n\t\t\t\t<div class=\"tribe-events-c-subscribe-dropdown\">\n\t\t\t\t\t<div class=\"tribe-common-c-btn-border tribe-events-c-subscribe-dropdown__button\">\n\t\t\t\t\t\t<svg\n\t class=\"tribe-common-c-svgicon tribe-common-c-svgicon--cal-export tribe-events-c-subscribe-dropdown__export-icon\" \taria-hidden=\"true\"\n\tviewbox=\"0 0 23 17\"\n\txmlns=\"http:\/\/www.w3.org\/2000\/svg\"\n>\n\t<path fill-rule=\"evenodd\" clip-rule=\"evenodd\" d=\"M.128.896V16.13c0 .211.145.383.323.383h15.354c.179 0 .323-.172.323-.383V.896c0-.212-.144-.383-.323-.383H.451C.273.513.128.684.128.896Zm16 6.742h-.901V4.679H1.009v10.729h14.218v-3.336h.901V7.638ZM1.01 1.614h14.218v2.058H1.009V1.614Z\" \/>\n\t<path d=\"M20.5 9.846H8.312M18.524 6.953l2.89 2.909-2.855 2.855\" stroke-width=\"1.2\" stroke-linecap=\"round\" stroke-linejoin=\"round\"\/>\n<\/svg>\n\t\t\t\t\t\t<button\n\t\t\t\t\t\t\tclass=\"tribe-events-c-subscribe-dropdown__button-text\"\n\t\t\t\t\t\t\taria-expanded=\"false\"\n\t\t\t\t\t\t\taria-controls=\"tribe-events-subscribe-dropdown-content\"\n\t\t\t\t\t\t\taria-label=\"Visualizza i link per aggiungere eventi al tuo calendario\"\n\t\t\t\t\t\t>\n\t\t\t\t\t\t\tSalva nel tuo calendario\t\t\t\t\t\t<\/button>\n\t\t\t\t\t\t<svg\n\t class=\"tribe-common-c-svgicon tribe-common-c-svgicon--caret-down tribe-events-c-subscribe-dropdown__button-icon\" \taria-hidden=\"true\"\n\tviewbox=\"0 0 10 7\"\n\txmlns=\"http:\/\/www.w3.org\/2000\/svg\"\n>\n\t<path fill-rule=\"evenodd\" clip-rule=\"evenodd\" d=\"M1.008.609L5 4.6 8.992.61l.958.958L5 6.517.05 1.566l.958-.958z\" class=\"tribe-common-c-svgicon__svg-fill\"\/>\n<\/svg>\n\t\t\t\t\t<\/div>\n\t\t\t\t\t<div id=\"tribe-events-subscribe-dropdown-content\" class=\"tribe-events-c-subscribe-dropdown__content\">\n\t\t\t\t\t\t<ul class=\"tribe-events-c-subscribe-dropdown__list\">\n\t\t\t\t\t\t\t\t\t\t\t\t\t\t\t<li class=\"tribe-events-c-subscribe-dropdown__list-item tribe-events-c-subscribe-dropdown__list-item--gcal\">\n\t\t\t\t\t\t\t\t\t<a\n\t\t\t\t\t\t\t\t\t\thref=\"https:\/\/www.google.com\/calendar\/event?action=TEMPLATE&#038;dates=20250314T000000\/20250316T235959&#038;text=Erinnerungswochenende%20UNDERTONE%20und%20die%202.%20Befreiung%20%28DE%2FFR%29&#038;details=%3Cp+class%3D%22+eplus-wrapper%22%3EDie+Operation+UNDERTONE+f%C3%BChrte+die+Alliierten+von+Mitte+M%C3%A4rz+1945+bis+Ende+M%C3%A4rz+1945+durch+den+Westwall+bis+an+den+Rhein+und+f%C3%BChrte+zum+Zusammenbruch+der+deutschen+Truppen+westlich+des+Rheins.+F%C3%BCr+das+Nordelsass+und+das+nord%C3%B6stliche+Lothringen+bedeutete+die+Operation+nach+NORDWIND+die+zweite+Befreiung.+Das+Erinnerungswochenende+wird+nach+aktuellem+Stand+mit+folgenden+Veranstaltungen+gestaltet%3A%3C%2Fp%3E+%3Cp+class%3D%22+eplus-wrapper%22%3E%3Cstrong%3E14.03.2025%3C%2Fstrong%3E+Vortrag+%E2%80%9EEntre+Rhin+et+Danube+-+Sur+les+traces+de+la+1e+Arm%C3%A9e+et+de+la+2e+DB+%E2%80%93+Normandie-Provence-Alsace-Allemagne%E2%80%9C+im+Mus%C3%A9e+M%C3%A9morial+in+Walbourg%3C%2Fp%3E+%3Cp+class%3D%22+eplus-wrapper%22%3E%3Cstrong%3E15.03.2025%3C%2Fstrong%3E+Kranzniederlegung+zur+Erinnerung+an+alle+Toten+von+NORDWIND+und+UNDERTONE+auf+dem+deutschen+Soldatenfriedhof+in+Niederbronn+im+Nordelsass%3C%2Fp%3E+%3Cp+class%3D%22+eplus-wrapper%22%3E%3Cstrong%3E15.03.2025+%3C%2Fstrong%3EVortrag+%E2%80%9EZwischen+Rhein+und+Donau+-+Auf+den+Spuren+der+1.+Franz%C3%B6sischen+Armee+und+%3C%2Fp%3E+%28View+Full+evento+Description+Here%3A+https%3A%2F%2Fforte-cultura.com%2Fit%2Fevent%2Ferinnerungswochenende-undertone-und-die-2-befreiung%2F%29&#038;trp=false&#038;ctz=Europe\/Berlin&#038;sprop=website:https:\/\/forte-cultura.com\/it\"\n\t\t\t\t\t\t\t\t\t\tclass=\"tribe-events-c-subscribe-dropdown__list-item-link\"\n\t\t\t\t\t\t\t\t\t\ttarget=\"_blank\"\n\t\t\t\t\t\t\t\t\t\trel=\"noopener noreferrer nofollow noindex\"\n\t\t\t\t\t\t\t\t\t>\n\t\t\t\t\t\t\t\t\t\tCalendario di Google\t\t\t\t\t\t\t\t\t<\/a>\n\t\t\t\t\t\t\t\t<\/li>\n\t\t\t\t\t\t\t\t\t\t\t\t\t\t\t<li class=\"tribe-events-c-subscribe-dropdown__list-item tribe-events-c-subscribe-dropdown__list-item--ical\">\n\t\t\t\t\t\t\t\t\t<a\n\t\t\t\t\t\t\t\t\t\thref=\"\"\n\t\t\t\t\t\t\t\t\t\tclass=\"tribe-events-c-subscribe-dropdown__list-item-link\"\n\t\t\t\t\t\t\t\t\t\ttarget=\"_blank\"\n\t\t\t\t\t\t\t\t\t\trel=\"noopener noreferrer nofollow noindex\"\n\t\t\t\t\t\t\t\t\t>\n\t\t\t\t\t\t\t\t\t\tiCalendario\t\t\t\t\t\t\t\t\t<\/a>\n\t\t\t\t\t\t\t\t<\/li>\n\t\t\t\t\t\t\t\t\t\t\t\t\t\t\t<li class=\"tribe-events-c-subscribe-dropdown__list-item tribe-events-c-subscribe-dropdown__list-item--outlook-365\">\n\t\t\t\t\t\t\t\t\t<a\n\t\t\t\t\t\t\t\t\t\thref=\"\"\n\t\t\t\t\t\t\t\t\t\tclass=\"tribe-events-c-subscribe-dropdown__list-item-link\"\n\t\t\t\t\t\t\t\t\t\ttarget=\"_blank\"\n\t\t\t\t\t\t\t\t\t\trel=\"noopener noreferrer nofollow noindex\"\n\t\t\t\t\t\t\t\t\t>\n\t\t\t\t\t\t\t\t\t\tOutlook 365\t\t\t\t\t\t\t\t\t<\/a>\n\t\t\t\t\t\t\t\t<\/li>\n\t\t\t\t\t\t\t\t\t\t\t\t\t\t\t<li class=\"tribe-events-c-subscribe-dropdown__list-item tribe-events-c-subscribe-dropdown__list-item--outlook-live\">\n\t\t\t\t\t\t\t\t\t<a\n\t\t\t\t\t\t\t\t\t\thref=\"\"\n\t\t\t\t\t\t\t\t\t\tclass=\"tribe-events-c-subscribe-dropdown__list-item-link\"\n\t\t\t\t\t\t\t\t\t\ttarget=\"_blank\"\n\t\t\t\t\t\t\t\t\t\trel=\"noopener noreferrer nofollow noindex\"\n\t\t\t\t\t\t\t\t\t>\n\t\t\t\t\t\t\t\t\t\tOutlook Live\t\t\t\t\t\t\t\t\t<\/a>\n\t\t\t\t\t\t\t\t<\/li>\n\t\t\t\t\t\t\t\t\t\t\t\t\t<\/ul>\n\t\t\t\t\t<\/div>\n\t\t\t\t<\/div>\n\t\t\t<\/div>\n\t\t<\/div>\n\t<\/div>","protected":false},"excerpt":{"rendered":"<p>Die Operation UNDERTONE f\u00fchrte die Alliierten von Mitte M\u00e4rz 1945 bis Ende M\u00e4rz 1945 durch den Westwall bis an den Rhein und f\u00fchrte zum Zusammenbruch der deutschen Truppen westlich des [&hellip;]<\/p>\n","protected":false},"author":1,"featured_media":0,"template":"","meta":{"editor_plus_copied_stylings":"{}","pgc_sgb_lightbox_settings":"","_price":"","_stock":"","_tribe_ticket_header":"","_tribe_default_ticket_provider":"","_tribe_ticket_capacity":"0","_ticket_start_date":"","_ticket_end_date":"","_tribe_ticket_show_description":"","_tribe_ticket_show_not_going":false,"_tribe_ticket_use_global_stock":"","_tribe_ticket_global_stock_level":"","_global_stock_mode":"","_global_stock_cap":"","_tribe_rsvp_for_event":"","_tribe_ticket_going_count":"","_tribe_ticket_not_going_count":"","_tribe_tickets_list":"[]","_tribe_ticket_has_attendee_info_fields":false,"_EventAllDay":true,"_EventTimezone":"Europe\/Berlin","_EventStartDate":"2025-03-14 00:00:00","_EventEndDate":"2025-03-16 23:59:59","_EventStartDateUTC":"2025-03-13 23:00:00","_EventEndDateUTC":"2025-03-16 22:59:59","_EventShowMap":false,"_EventShowMapLink":false,"_EventURL":"","_EventCost":"","_EventCostDescription":"","_EventCurrencySymbol":"\u20ac","_EventCurrencyCode":"EUR","_EventCurrencyPosition":"prefix","_EventDateTimeSeparator":"@","_EventTimeRangeSeparator":"-","_EventOrganizerID":[],"_EventVenueID":[],"_OrganizerEmail":"","_OrganizerPhone":"","_OrganizerWebsite":"","_VenueAddress":"","_VenueCity":"","_VenueCountry":"","_VenueProvince":"","_VenueState":"","_VenueZip":"","_VenuePhone":"","_VenueURL":"","_VenueStateProvince":"","_VenueLat":"","_VenueLng":"","_VenueShowMap":false,"_VenueShowMapLink":false,"_tribe_events_status":"","_tribe_events_status_reason":"","footnotes":"","_tec_slr_enabled":"","_tec_slr_layout":""},"tags":[67],"tribe_events_cat":[483],"class_list":["post-2964","tribe_events","type-tribe_events","status-publish","hentry","tag-zweiter-weltkrieg","tribe_events_cat-80-jahre-ende-ww2","cat_80-jahre-ende-ww2"],"ticketed":false,"_links":{"self":[{"href":"https:\/\/forte-cultura.com\/it\/wp-json\/wp\/v2\/tribe_events\/2964","targetHints":{"allow":["GET"]}}],"collection":[{"href":"https:\/\/forte-cultura.com\/it\/wp-json\/wp\/v2\/tribe_events"}],"about":[{"href":"https:\/\/forte-cultura.com\/it\/wp-json\/wp\/v2\/types\/tribe_events"}],"author":[{"embeddable":true,"href":"https:\/\/forte-cultura.com\/it\/wp-json\/wp\/v2\/users\/1"}],"version-history":[{"count":0,"href":"https:\/\/forte-cultura.com\/it\/wp-json\/wp\/v2\/tribe_events\/2964\/revisions"}],"wp:attachment":[{"href":"https:\/\/forte-cultura.com\/it\/wp-json\/wp\/v2\/media?parent=2964"}],"wp:term":[{"taxonomy":"post_tag","embeddable":true,"href":"https:\/\/forte-cultura.com\/it\/wp-json\/wp\/v2\/tags?post=2964"},{"taxonomy":"tribe_events_cat","embeddable":true,"href":"https:\/\/forte-cultura.com\/it\/wp-json\/wp\/v2\/tribe_events_cat?post=2964"}],"curies":[{"name":"wp","href":"https:\/\/api.w.org\/{rel}","templated":true}]}}

<div  class="tribe-events-schedule tribe-clearfix" >
	<p class="tribe-events-schedule__datetime">
		<span class="tribe-events-schedule__date tribe-events-schedule__date--start">
			14 mar 2025		</span>

		
									<span class="tribe-events-schedule__separator tribe-events-schedule__separator--time">
					–				</span>
			
							<span class="tribe-events-schedule__date tribe-events-schedule__date--end">
					16 marzo 2025				</span>

				
			
							<span class="tribe-events-schedule__timezone">CET</span>
						</p>
</div>



<p class="eplus-wrapper">Da metà marzo 1945 a fine marzo 1945, l'operazione UNDERTONE condusse gli Alleati attraverso la Linea Sigfrido fino al Reno e portò al crollo delle truppe tedesche a ovest del Reno. Per l'Alsazia settentrionale e la Lorena nord-orientale, l'operazione fu la seconda liberazione dopo NORDWIND. Il fine settimana commemorativo sarà organizzato con i seguenti eventi:</p>



<p class="eplus-wrapper"><strong>14.03.2025</strong> Conferenza "Entre Rhin et Danube - Sur les traces de la 1e Armée et de la 2e DB - Normandie-Provence-Alsace-Allemagne" al Musée Mémorial di Walbourg</p>



<p class="eplus-wrapper"><strong>15.03.2025</strong> Cerimonia di deposizione di una corona di fiori in memoria di tutti i caduti di NORDWIND e UNDERTONE nel cimitero militare tedesco di Niederbronn, nell'Alsazia settentrionale.</p>



<p class="eplus-wrapper"><strong>15.03.2025 </strong>Conferenza "Tra il Reno e il Danubio - Sulle tracce della 1ª Armata francese e della 2ª Divisione corazzata francese - Normandia-Provence-Alsace-Germania" presso il Wehgeschichtliches Museum di Rastatt</p>


<div  class="tribe-block tribe-block__event-price" >
		</div>




<div  class="tribe-block tribe-block__venue tribe-clearfix" >
	
		
	</div>




	<div  class="tribe-block tribe-block__events-link" >
		<div class="tribe-events tribe-common">
			<div class="tribe-events-c-subscribe-dropdown__container">
				<div class="tribe-events-c-subscribe-dropdown">
					<div class="tribe-common-c-btn-border tribe-events-c-subscribe-dropdown__button">
						<svg
	 class="tribe-common-c-svgicon tribe-common-c-svgicon--cal-export tribe-events-c-subscribe-dropdown__export-icon" 	aria-hidden="true"
	viewbox="0 0 23 17"
	xmlns="http://www.w3.org/2000/svg"
>
	<path fill-rule="evenodd" clip-rule="evenodd" d="M.128.896V16.13c0 .211.145.383.323.383h15.354c.179 0 .323-.172.323-.383V.896c0-.212-.144-.383-.323-.383H.451C.273.513.128.684.128.896Zm16 6.742h-.901V4.679H1.009v10.729h14.218v-3.336h.901V7.638ZM1.01 1.614h14.218v2.058H1.009V1.614Z" />
	<path d="M20.5 9.846H8.312M18.524 6.953l2.89 2.909-2.855 2.855" stroke-width="1.2" stroke-linecap="round" stroke-linejoin="round"/>
</svg>
						<button
							class="tribe-events-c-subscribe-dropdown__button-text"
							aria-expanded="false"
							aria-controls="tribe-events-subscribe-dropdown-content"
							aria-label="Visualizza i link per aggiungere eventi al tuo calendario"
						>
							Salva nel tuo calendario						</button>
						<svg
	 class="tribe-common-c-svgicon tribe-common-c-svgicon--caret-down tribe-events-c-subscribe-dropdown__button-icon" 	aria-hidden="true"
	viewbox="0 0 10 7"
	xmlns="http://www.w3.org/2000/svg"
>
	<path fill-rule="evenodd" clip-rule="evenodd" d="M1.008.609L5 4.6 8.992.61l.958.958L5 6.517.05 1.566l.958-.958z" class="tribe-common-c-svgicon__svg-fill"/>
</svg>
					</div>
					<div id="tribe-events-subscribe-dropdown-content" class="tribe-events-c-subscribe-dropdown__content">
						<ul class="tribe-events-c-subscribe-dropdown__list">
															<li class="tribe-events-c-subscribe-dropdown__list-item tribe-events-c-subscribe-dropdown__list-item--gcal">
									<a
										href="https://www.google.com/calendar/event?action=TEMPLATE&#038;dates=20250314T000000/20250316T235959&#038;text=Erinnerungswochenende%20UNDERTONE%20und%20die%202.%20Befreiung%20%28DE%2FFR%29&#038;details=%3Cp+class%3D%22+eplus-wrapper%22%3EDie+Operation+UNDERTONE+f%C3%BChrte+die+Alliierten+von+Mitte+M%C3%A4rz+1945+bis+Ende+M%C3%A4rz+1945+durch+den+Westwall+bis+an+den+Rhein+und+f%C3%BChrte+zum+Zusammenbruch+der+deutschen+Truppen+westlich+des+Rheins.+F%C3%BCr+das+Nordelsass+und+das+nord%C3%B6stliche+Lothringen+bedeutete+die+Operation+nach+NORDWIND+die+zweite+Befreiung.+Das+Erinnerungswochenende+wird+nach+aktuellem+Stand+mit+folgenden+Veranstaltungen+gestaltet%3A%3C%2Fp%3E+%3Cp+class%3D%22+eplus-wrapper%22%3E%3Cstrong%3E14.03.2025%3C%2Fstrong%3E+Vortrag+%E2%80%9EEntre+Rhin+et+Danube+-+Sur+les+traces+de+la+1e+Arm%C3%A9e+et+de+la+2e+DB+%E2%80%93+Normandie-Provence-Alsace-Allemagne%E2%80%9C+im+Mus%C3%A9e+M%C3%A9morial+in+Walbourg%3C%2Fp%3E+%3Cp+class%3D%22+eplus-wrapper%22%3E%3Cstrong%3E15.03.2025%3C%2Fstrong%3E+Kranzniederlegung+zur+Erinnerung+an+alle+Toten+von+NORDWIND+und+UNDERTONE+auf+dem+deutschen+Soldatenfriedhof+in+Niederbronn+im+Nordelsass%3C%2Fp%3E+%3Cp+class%3D%22+eplus-wrapper%22%3E%3Cstrong%3E15.03.2025+%3C%2Fstrong%3EVortrag+%E2%80%9EZwischen+Rhein+und+Donau+-+Auf+den+Spuren+der+1.+Franz%C3%B6sischen+Armee+und+%3C%2Fp%3E+%28View+Full+evento+Description+Here%3A+https%3A%2F%2Fforte-cultura.com%2Fit%2Fevent%2Ferinnerungswochenende-undertone-und-die-2-befreiung%2F%29&#038;trp=false&#038;ctz=Europe/Berlin&#038;sprop=website:https://forte-cultura.com/it"
										class="tribe-events-c-subscribe-dropdown__list-item-link"
										target="_blank"
										rel="noopener noreferrer nofollow noindex"
									>
										Calendario di Google									</a>
								</li>
															<li class="tribe-events-c-subscribe-dropdown__list-item tribe-events-c-subscribe-dropdown__list-item--ical">
									<a
										href=""
										class="tribe-events-c-subscribe-dropdown__list-item-link"
										target="_blank"
										rel="noopener noreferrer nofollow noindex"
									>
										iCalendario									</a>
								</li>
															<li class="tribe-events-c-subscribe-dropdown__list-item tribe-events-c-subscribe-dropdown__list-item--outlook-365">
									<a
										href=""
										class="tribe-events-c-subscribe-dropdown__list-item-link"
										target="_blank"
										rel="noopener noreferrer nofollow noindex"
									>
										Outlook 365									</a>
								</li>
															<li class="tribe-events-c-subscribe-dropdown__list-item tribe-events-c-subscribe-dropdown__list-item--outlook-live">
									<a
										href=""
										class="tribe-events-c-subscribe-dropdown__list-item-link"
										target="_blank"
										rel="noopener noreferrer nofollow noindex"
									>
										Outlook Live									</a>
								</li>
													</ul>
					</div>
				</div>
			</div>
		</div>
	</div>

<p>Die Operation UNDERTONE führte die Alliierten von Mitte März 1945 bis Ende März 1945 durch den Westwall bis an den Rhein und führte zum Zusammenbruch der deutschen Truppen westlich des [&hellip;]</p>
