{"id":2980,"date":"2024-10-29T12:15:48","date_gmt":"2024-10-29T11:15:48","guid":{"rendered":"https:\/\/forte-cultura.com\/?post_type=tribe_events&#038;p=2980"},"modified":"2025-05-02T13:28:17","modified_gmt":"2025-05-02T11:28:17","slug":"la-guerra-pertenece-al-museo-bunker-de-camuflaje-kehl-neumuehl","status":"publish","type":"tribe_events","link":"https:\/\/forte-cultura.com\/es\/event\/krieg-gehoert-ins-museum-tarnbunker-kehl-neumuehl\/","title":{"rendered":"La guerra debe estar en un museo: el b\u00fanker de camuflaje de Kehl-Neum\u00fchl (DE)"},"content":{"rendered":"<div  class=\"tribe-events-schedule tribe-clearfix\" >\n\t<p class=\"tribe-events-schedule__datetime\">\n\t\t<span class=\"tribe-events-schedule__date tribe-events-schedule__date--start\">\n\t\t\t8. mayo 2025\t\t<\/span>\n\n\t\t\t\t\t<span class=\"tribe-events-schedule__all-day\">Todo el d\u00eda<\/span>\n\t\t\n\t\t\t<\/p>\n<\/div>\n\n\n\n<p class=\"eplus-wrapper\">Fin y principio - El 8 de mayo de 2025 se cumplir\u00e1n 80 a\u00f1os del final de la Segunda Guerra Mundial en Europa. Cuando por fin callaron los ca\u00f1ones, se lloraron m\u00e1s de 60 millones de v\u00edctimas. Para conmemorar este d\u00eda y su significado para la amistad franco-alemana y una Europa unida, el equipo responsable del Tarnbunker abrir\u00e1 el 8 de mayo de 2025 el centro de comunicaci\u00f3n e informaci\u00f3n Tarnbunker Neum\u00fchl bajo el lema \u201eLa guerra pertenece a un museo\u201c.<\/p>\n\n\n\n<p class=\"eplus-wrapper\"><\/p>\n\n\n\n<figure class=\"wp-block-image size-full eplus-wrapper\"><img loading=\"lazy\" decoding=\"async\" width=\"463\" height=\"655\" src=\"https:\/\/forte-cultura.com\/wp-content\/uploads\/494423505_677663865009909_8396819924298259673_n.jpg\" alt=\"\" class=\"wp-image-3443\" srcset=\"https:\/\/forte-cultura.com\/wp-content\/uploads\/494423505_677663865009909_8396819924298259673_n.jpg 463w, https:\/\/forte-cultura.com\/wp-content\/uploads\/494423505_677663865009909_8396819924298259673_n-212x300.jpg 212w, https:\/\/forte-cultura.com\/wp-content\/uploads\/494423505_677663865009909_8396819924298259673_n-8x12.jpg 8w\" sizes=\"auto, (max-width: 463px) 100vw, 463px\" \/><\/figure>\n\n\n<div  class=\"tribe-block tribe-block__event-price\" >\n\t\t<\/div>\n\n\n\n\n<div  class=\"tribe-block tribe-block__venue tribe-clearfix tribe-block__venue--has-map\" >\n\t\n\t\n<div class=\"tribe-block__venue__meta\">\n\t<div class=\"tribe-block__venue__name\">\n\t\t<h3>B\u00fanker de camuflaje Kehl-Neum\u00fchl<\/h3>\n\t<\/div>\n\n\t\n\t\t\t\t\t\t<address class=\"tribe-block__venue__address\">\n\t\t\t\t<span class=\"tribe-address\">\n\n<span class=\"tribe-street-address\">Els\u00e4sser Str. 18<\/span>\n\t\n\t\t<br>\n\t\t<span class=\"tribe-locality\">Garganta<\/span><span class=\"tribe-delimiter\">,<\/span>\n\n\n\t<span class=\"tribe-postal-code\">77694<\/span>\n\n\t<span class=\"tribe-country-name\">Alemania<\/span>\n\n<\/span>\n\n\t\t\t\t\t\t\t\t\t<a class=\"tribe-events-gmap\" href=\"https:\/\/maps.google.com\/maps?f=q&#038;source=s_q&#038;hl=en&#038;geocode=&#038;q=Els%C3%A4sser+Str.+18+Kehl+77694+Germany\" title=\"Haz clic para ver un mapa de Google\" target=\"_blank\" rel=\"noreferrer noopener\">+ Mapa de Google<\/a>\t\t\t\t\t\t\t<\/address>\n\t\t\n\t\t\n\t\t\t\n\t<\/div>\n\t\n<div class=\"tribe-block__venue__map\">\n\t<div id=\"tribe-events-gmap-0\" style=\"height: 256px; width: 310px\" aria-hidden=\"true\"><\/div><!-- #tribe-events-gmap- -->\n<\/div>\n\n\t<\/div>\n\n\n\n\n\t<div  class=\"tribe-block tribe-block__events-link\" >\n\t\t<div class=\"tribe-events tribe-common\">\n\t\t\t<div class=\"tribe-events-c-subscribe-dropdown__container\">\n\t\t\t\t<div class=\"tribe-events-c-subscribe-dropdown\">\n\t\t\t\t\t<div class=\"tribe-common-c-btn-border tribe-events-c-subscribe-dropdown__button\">\n\t\t\t\t\t\t<svg\n\t class=\"tribe-common-c-svgicon tribe-common-c-svgicon--cal-export tribe-events-c-subscribe-dropdown__export-icon\" \taria-hidden=\"true\"\n\tviewbox=\"0 0 23 17\"\n\txmlns=\"http:\/\/www.w3.org\/2000\/svg\"\n>\n\t<path fill-rule=\"evenodd\" clip-rule=\"evenodd\" d=\"M.128.896V16.13c0 .211.145.383.323.383h15.354c.179 0 .323-.172.323-.383V.896c0-.212-.144-.383-.323-.383H.451C.273.513.128.684.128.896Zm16 6.742h-.901V4.679H1.009v10.729h14.218v-3.336h.901V7.638ZM1.01 1.614h14.218v2.058H1.009V1.614Z\" \/>\n\t<path d=\"M20.5 9.846H8.312M18.524 6.953l2.89 2.909-2.855 2.855\" stroke-width=\"1.2\" stroke-linecap=\"round\" stroke-linejoin=\"round\"\/>\n<\/svg>\n\t\t\t\t\t\t<button\n\t\t\t\t\t\t\tclass=\"tribe-events-c-subscribe-dropdown__button-text\"\n\t\t\t\t\t\t\taria-expanded=\"false\"\n\t\t\t\t\t\t\taria-controls=\"tribe-events-subscribe-dropdown-content\"\n\t\t\t\t\t\t\taria-label=\"Ver enlaces para a\u00f1adir eventos al calendario\"\n\t\t\t\t\t\t>\n\t\t\t\t\t\t\tA\u00f1adir al calendario\t\t\t\t\t\t<\/button>\n\t\t\t\t\t\t<svg\n\t class=\"tribe-common-c-svgicon tribe-common-c-svgicon--caret-down tribe-events-c-subscribe-dropdown__button-icon\" \taria-hidden=\"true\"\n\tviewbox=\"0 0 10 7\"\n\txmlns=\"http:\/\/www.w3.org\/2000\/svg\"\n>\n\t<path fill-rule=\"evenodd\" clip-rule=\"evenodd\" d=\"M1.008.609L5 4.6 8.992.61l.958.958L5 6.517.05 1.566l.958-.958z\" class=\"tribe-common-c-svgicon__svg-fill\"\/>\n<\/svg>\n\t\t\t\t\t<\/div>\n\t\t\t\t\t<div id=\"tribe-events-subscribe-dropdown-content\" class=\"tribe-events-c-subscribe-dropdown__content\">\n\t\t\t\t\t\t<ul class=\"tribe-events-c-subscribe-dropdown__list\">\n\t\t\t\t\t\t\t\t\t\t\t\t\t\t\t<li class=\"tribe-events-c-subscribe-dropdown__list-item tribe-events-c-subscribe-dropdown__list-item--gcal\">\n\t\t\t\t\t\t\t\t\t<a href=\"https:\/\/www.google.com\/calendar\/event?action=TEMPLATE&#038;dates=20250508T000000\/20250508T235959&#038;text=Krieg%20geh%C3%B6rt%20ins%20Museum%20%26%238211%3B%20Tarnbunker%20Kehl-Neum%C3%BChl%20%28DE%29&#038;details=%3Cp+class%3D%22+eplus-wrapper%22%3EEnde+und+Anfang+-+Am+08.05.2025+sind+in+Europa+80+Jahre+seit+dem+Ende+des+2.+Weltkriegs+vergangen.+Als+die+Waffen+endlich+schwiegen%2C+waren+mehr+als+60+Millionen+Opfer+zu+beklagen.+Als+Erinnerung+an+diesen+Tag+und+seine+Bedeutung+f%C3%BCr+die+deutsch-franz%C3%B6sische+Freundschaft+sowie+ein+geeintes+Europa+er%C3%B6ffnet+das+Betreuer-Team+des+Tarnbunkers+am+08.05.2025+das+Kommunikations-+und+Informationszentrum+Tarnbunker+Neum%C3%BChl+unter+dem+Motto+%E2%80%9EKrieg+geh%C3%B6rt+ins+Museum%E2%80%9C.%3C%2Fp%3E+%3Cp+class%3D%22+eplus-wrapper%22%3E%3C%2Fp%3E+%3Cfigure+class%3D%22+wp-block-image+size-full+eplus-wrapper%22%3E%3Cimg+src%3D%22https%3A%2F%2Fforte-cultura.com%2Fwp-content%2Fuploads%2F494423505_677663865009909_8396819924298259673_n.jpg%22+alt%3D%22%22+class%3D%22wp-image-3443%22%2F%3E%3C%2Ffigure%3E&#038;location=Tarnbunker%20Kehl-Neum\u00fchl,%20Els\u00e4sser%20Str.%2018,%20Kehl,%2077694,%20Germany&#038;trp=false&#038;ctz=Europe\/Berlin&#038;sprop=website:https:\/\/forte-cultura.com\/es\" class=\"tribe-events-c-subscribe-dropdown__list-item-link\" target=\"_blank\" rel=\"noopener noreferrer nofollow noindex\">\n\t\t\t\t\t\t\t\t\t\tCalendario de Google\t\t\t\t\t\t\t\t\t<\/a>\n\t\t\t\t\t\t\t\t<\/li>\n\t\t\t\t\t\t\t\t\t\t\t\t\t\t\t<li class=\"tribe-events-c-subscribe-dropdown__list-item tribe-events-c-subscribe-dropdown__list-item--ical\">\n\t\t\t\t\t\t\t\t\t<a\n\t\t\t\t\t\t\t\t\t\thref=\"\"\n\t\t\t\t\t\t\t\t\t\tclass=\"tribe-events-c-subscribe-dropdown__list-item-link\"\n\t\t\t\t\t\t\t\t\t\ttarget=\"_blank\"\n\t\t\t\t\t\t\t\t\t\trel=\"noopener noreferrer nofollow noindex\"\n\t\t\t\t\t\t\t\t\t>\n\t\t\t\t\t\t\t\t\t\tiCalendar\t\t\t\t\t\t\t\t\t<\/a>\n\t\t\t\t\t\t\t\t<\/li>\n\t\t\t\t\t\t\t\t\t\t\t\t\t\t\t<li class=\"tribe-events-c-subscribe-dropdown__list-item tribe-events-c-subscribe-dropdown__list-item--outlook-365\">\n\t\t\t\t\t\t\t\t\t<a\n\t\t\t\t\t\t\t\t\t\thref=\"\"\n\t\t\t\t\t\t\t\t\t\tclass=\"tribe-events-c-subscribe-dropdown__list-item-link\"\n\t\t\t\t\t\t\t\t\t\ttarget=\"_blank\"\n\t\t\t\t\t\t\t\t\t\trel=\"noopener noreferrer nofollow noindex\"\n\t\t\t\t\t\t\t\t\t>\n\t\t\t\t\t\t\t\t\t\tOutlook 365\t\t\t\t\t\t\t\t\t<\/a>\n\t\t\t\t\t\t\t\t<\/li>\n\t\t\t\t\t\t\t\t\t\t\t\t\t\t\t<li class=\"tribe-events-c-subscribe-dropdown__list-item tribe-events-c-subscribe-dropdown__list-item--outlook-live\">\n\t\t\t\t\t\t\t\t\t<a\n\t\t\t\t\t\t\t\t\t\thref=\"\"\n\t\t\t\t\t\t\t\t\t\tclass=\"tribe-events-c-subscribe-dropdown__list-item-link\"\n\t\t\t\t\t\t\t\t\t\ttarget=\"_blank\"\n\t\t\t\t\t\t\t\t\t\trel=\"noopener noreferrer nofollow noindex\"\n\t\t\t\t\t\t\t\t\t>\n\t\t\t\t\t\t\t\t\t\tOutlook Live\t\t\t\t\t\t\t\t\t<\/a>\n\t\t\t\t\t\t\t\t<\/li>\n\t\t\t\t\t\t\t\t\t\t\t\t\t<\/ul>\n\t\t\t\t\t<\/div>\n\t\t\t\t<\/div>\n\t\t\t<\/div>\n\t\t<\/div>\n\t<\/div>","protected":false},"excerpt":{"rendered":"<p>Ende und Anfang &#8211; Am 08.05.2025 sind in Europa 80 Jahre seit dem Ende des 2. Weltkriegs vergangen. Als die Waffen endlich schwiegen, waren mehr als 60 Millionen Opfer zu [&hellip;]<\/p>\n","protected":false},"author":1,"featured_media":3443,"template":"","meta":{"editor_plus_copied_stylings":"{}","pgc_sgb_lightbox_settings":"","_price":"","_stock":"","_tribe_ticket_header":"","_tribe_default_ticket_provider":"","_tribe_ticket_capacity":"0","_ticket_start_date":"","_ticket_end_date":"","_tribe_ticket_show_description":"","_tribe_ticket_show_not_going":false,"_tribe_ticket_use_global_stock":"","_tribe_ticket_global_stock_level":"","_global_stock_mode":"","_global_stock_cap":"","_tribe_rsvp_for_event":"","_tribe_ticket_going_count":"","_tribe_ticket_not_going_count":"","_tribe_tickets_list":"[]","_tribe_ticket_has_attendee_info_fields":false,"_EventAllDay":true,"_EventTimezone":"Europe\/Berlin","_EventStartDate":"2025-05-08 00:00:00","_EventEndDate":"2025-05-08 23:59:59","_EventStartDateUTC":"2025-05-07 22:00:00","_EventEndDateUTC":"2025-05-08 21:59:59","_EventShowMap":false,"_EventShowMapLink":false,"_EventURL":"","_EventCost":"","_EventCostDescription":"","_EventCurrencySymbol":"\u20ac","_EventCurrencyCode":"EUR","_EventCurrencyPosition":"prefix","_EventDateTimeSeparator":"@","_EventTimeRangeSeparator":"-","_EventOrganizerID":[],"_EventVenueID":[2981],"_OrganizerEmail":"","_OrganizerPhone":"","_OrganizerWebsite":"","_VenueAddress":"","_VenueCity":"","_VenueCountry":"","_VenueProvince":"","_VenueState":"","_VenueZip":"","_VenuePhone":"","_VenueURL":"","_VenueStateProvince":"","_VenueLat":"","_VenueLng":"","_VenueShowMap":false,"_VenueShowMapLink":false,"_tribe_events_status":"","_tribe_events_status_reason":"","footnotes":"","_tec_slr_enabled":"","_tec_slr_layout":""},"tags":[67],"tribe_events_cat":[483],"class_list":["post-2980","tribe_events","type-tribe_events","status-publish","has-post-thumbnail","hentry","tag-zweiter-weltkrieg","tribe_events_cat-80-jahre-ende-ww2","cat_80-jahre-ende-ww2"],"ticketed":false,"_links":{"self":[{"href":"https:\/\/forte-cultura.com\/es\/wp-json\/wp\/v2\/tribe_events\/2980","targetHints":{"allow":["GET"]}}],"collection":[{"href":"https:\/\/forte-cultura.com\/es\/wp-json\/wp\/v2\/tribe_events"}],"about":[{"href":"https:\/\/forte-cultura.com\/es\/wp-json\/wp\/v2\/types\/tribe_events"}],"author":[{"embeddable":true,"href":"https:\/\/forte-cultura.com\/es\/wp-json\/wp\/v2\/users\/1"}],"version-history":[{"count":0,"href":"https:\/\/forte-cultura.com\/es\/wp-json\/wp\/v2\/tribe_events\/2980\/revisions"}],"wp:featuredmedia":[{"embeddable":true,"href":"https:\/\/forte-cultura.com\/es\/wp-json\/wp\/v2\/media\/3443"}],"wp:attachment":[{"href":"https:\/\/forte-cultura.com\/es\/wp-json\/wp\/v2\/media?parent=2980"}],"wp:term":[{"taxonomy":"post_tag","embeddable":true,"href":"https:\/\/forte-cultura.com\/es\/wp-json\/wp\/v2\/tags?post=2980"},{"taxonomy":"tribe_events_cat","embeddable":true,"href":"https:\/\/forte-cultura.com\/es\/wp-json\/wp\/v2\/tribe_events_cat?post=2980"}],"curies":[{"name":"wp","href":"https:\/\/api.w.org\/{rel}","templated":true}]}}

La guerra debe estar en un museo: el búnker de camuflaje de Kehl-Neumühl (DE)

<div  class="tribe-events-schedule tribe-clearfix" >
	<p class="tribe-events-schedule__datetime">
		<span class="tribe-events-schedule__date tribe-events-schedule__date--start">
			8. mayo 2025		</span>

					<span class="tribe-events-schedule__all-day">Todo el día</span>
		
			</p>
</div>



<p class="eplus-wrapper">Fin y principio - El 8 de mayo de 2025 se cumplirán 80 años del final de la Segunda Guerra Mundial en Europa. Cuando por fin callaron los cañones, se lloraron más de 60 millones de víctimas. Para conmemorar este día y su significado para la amistad franco-alemana y una Europa unida, el equipo responsable del Tarnbunker abrirá el 8 de mayo de 2025 el centro de comunicación e información Tarnbunker Neumühl bajo el lema „La guerra pertenece a un museo“.</p>



<p class="eplus-wrapper"></p>



<figure class="wp-block-image size-full eplus-wrapper"><img loading="lazy" decoding="async" width="463" height="655" src="https://forte-cultura.com/wp-content/uploads/494423505_677663865009909_8396819924298259673_n.jpg" alt="" class="wp-image-3443" srcset="https://forte-cultura.com/wp-content/uploads/494423505_677663865009909_8396819924298259673_n.jpg 463w, https://forte-cultura.com/wp-content/uploads/494423505_677663865009909_8396819924298259673_n-212x300.jpg 212w, https://forte-cultura.com/wp-content/uploads/494423505_677663865009909_8396819924298259673_n-8x12.jpg 8w" sizes="auto, (max-width: 463px) 100vw, 463px" /></figure>


<div  class="tribe-block tribe-block__event-price" >
		</div>




<div  class="tribe-block tribe-block__venue tribe-clearfix tribe-block__venue--has-map" >
	
	
<div class="tribe-block__venue__meta">
	<div class="tribe-block__venue__name">
		<h3>Búnker de camuflaje Kehl-Neumühl</h3>
	</div>

	
						<address class="tribe-block__venue__address">
				<span class="tribe-address">

<span class="tribe-street-address">Elsässer Str. 18</span>
	
		<br>
		<span class="tribe-locality">Garganta</span><span class="tribe-delimiter">,</span>


	<span class="tribe-postal-code">77694</span>

	<span class="tribe-country-name">Alemania</span>

</span>

									<a class="tribe-events-gmap" href="https://maps.google.com/maps?f=q&#038;source=s_q&#038;hl=en&#038;geocode=&#038;q=Els%C3%A4sser+Str.+18+Kehl+77694+Germany" title="Haz clic para ver un mapa de Google" target="_blank" rel="noreferrer noopener">+ Mapa de Google</a>							</address>
		
		
			
	</div>
	
<div class="tribe-block__venue__map">
	<div id="tribe-events-gmap-0" style="height: 256px; width: 310px" aria-hidden="true"></div><!-- #tribe-events-gmap- -->
</div>

	</div>




	<div  class="tribe-block tribe-block__events-link" >
		<div class="tribe-events tribe-common">
			<div class="tribe-events-c-subscribe-dropdown__container">
				<div class="tribe-events-c-subscribe-dropdown">
					<div class="tribe-common-c-btn-border tribe-events-c-subscribe-dropdown__button">
						<svg
	 class="tribe-common-c-svgicon tribe-common-c-svgicon--cal-export tribe-events-c-subscribe-dropdown__export-icon" 	aria-hidden="true"
	viewbox="0 0 23 17"
	xmlns="http://www.w3.org/2000/svg"
>
	<path fill-rule="evenodd" clip-rule="evenodd" d="M.128.896V16.13c0 .211.145.383.323.383h15.354c.179 0 .323-.172.323-.383V.896c0-.212-.144-.383-.323-.383H.451C.273.513.128.684.128.896Zm16 6.742h-.901V4.679H1.009v10.729h14.218v-3.336h.901V7.638ZM1.01 1.614h14.218v2.058H1.009V1.614Z" />
	<path d="M20.5 9.846H8.312M18.524 6.953l2.89 2.909-2.855 2.855" stroke-width="1.2" stroke-linecap="round" stroke-linejoin="round"/>
</svg>
						<button
							class="tribe-events-c-subscribe-dropdown__button-text"
							aria-expanded="false"
							aria-controls="tribe-events-subscribe-dropdown-content"
							aria-label="Ver enlaces para añadir eventos al calendario"
						>
							Añadir al calendario						</button>
						<svg
	 class="tribe-common-c-svgicon tribe-common-c-svgicon--caret-down tribe-events-c-subscribe-dropdown__button-icon" 	aria-hidden="true"
	viewbox="0 0 10 7"
	xmlns="http://www.w3.org/2000/svg"
>
	<path fill-rule="evenodd" clip-rule="evenodd" d="M1.008.609L5 4.6 8.992.61l.958.958L5 6.517.05 1.566l.958-.958z" class="tribe-common-c-svgicon__svg-fill"/>
</svg>
					</div>
					<div id="tribe-events-subscribe-dropdown-content" class="tribe-events-c-subscribe-dropdown__content">
						<ul class="tribe-events-c-subscribe-dropdown__list">
															<li class="tribe-events-c-subscribe-dropdown__list-item tribe-events-c-subscribe-dropdown__list-item--gcal">
									<a href="https://www.google.com/calendar/event?action=TEMPLATE&#038;dates=20250508T000000/20250508T235959&#038;text=Krieg%20geh%C3%B6rt%20ins%20Museum%20%26%238211%3B%20Tarnbunker%20Kehl-Neum%C3%BChl%20%28DE%29&#038;details=%3Cp+class%3D%22+eplus-wrapper%22%3EEnde+und+Anfang+-+Am+08.05.2025+sind+in+Europa+80+Jahre+seit+dem+Ende+des+2.+Weltkriegs+vergangen.+Als+die+Waffen+endlich+schwiegen%2C+waren+mehr+als+60+Millionen+Opfer+zu+beklagen.+Als+Erinnerung+an+diesen+Tag+und+seine+Bedeutung+f%C3%BCr+die+deutsch-franz%C3%B6sische+Freundschaft+sowie+ein+geeintes+Europa+er%C3%B6ffnet+das+Betreuer-Team+des+Tarnbunkers+am+08.05.2025+das+Kommunikations-+und+Informationszentrum+Tarnbunker+Neum%C3%BChl+unter+dem+Motto+%E2%80%9EKrieg+geh%C3%B6rt+ins+Museum%E2%80%9C.%3C%2Fp%3E+%3Cp+class%3D%22+eplus-wrapper%22%3E%3C%2Fp%3E+%3Cfigure+class%3D%22+wp-block-image+size-full+eplus-wrapper%22%3E%3Cimg+src%3D%22https%3A%2F%2Fforte-cultura.com%2Fwp-content%2Fuploads%2F494423505_677663865009909_8396819924298259673_n.jpg%22+alt%3D%22%22+class%3D%22wp-image-3443%22%2F%3E%3C%2Ffigure%3E&#038;location=Tarnbunker%20Kehl-Neumühl,%20Elsässer%20Str.%2018,%20Kehl,%2077694,%20Germany&#038;trp=false&#038;ctz=Europe/Berlin&#038;sprop=website:https://forte-cultura.com/es" class="tribe-events-c-subscribe-dropdown__list-item-link" target="_blank" rel="noopener noreferrer nofollow noindex">
										Calendario de Google									</a>
								</li>
															<li class="tribe-events-c-subscribe-dropdown__list-item tribe-events-c-subscribe-dropdown__list-item--ical">
									<a
										href=""
										class="tribe-events-c-subscribe-dropdown__list-item-link"
										target="_blank"
										rel="noopener noreferrer nofollow noindex"
									>
										iCalendar									</a>
								</li>
															<li class="tribe-events-c-subscribe-dropdown__list-item tribe-events-c-subscribe-dropdown__list-item--outlook-365">
									<a
										href=""
										class="tribe-events-c-subscribe-dropdown__list-item-link"
										target="_blank"
										rel="noopener noreferrer nofollow noindex"
									>
										Outlook 365									</a>
								</li>
															<li class="tribe-events-c-subscribe-dropdown__list-item tribe-events-c-subscribe-dropdown__list-item--outlook-live">
									<a
										href=""
										class="tribe-events-c-subscribe-dropdown__list-item-link"
										target="_blank"
										rel="noopener noreferrer nofollow noindex"
									>
										Outlook Live									</a>
								</li>
													</ul>
					</div>
				</div>
			</div>
		</div>
	</div>
