{"id":1262,"date":"2023-12-20T13:14:22","date_gmt":"2023-12-20T12:14:22","guid":{"rendered":"https:\/\/forte-cultura.com\/?page_id=1262"},"modified":"2026-01-15T14:55:04","modified_gmt":"2026-01-15T13:55:04","slug":"patrimonio-cultural-monumentos-fortaleza","status":"publish","type":"page","link":"https:\/\/forte-cultura.com\/es\/kulturerbe-festungsmonumente\/","title":{"rendered":"Patrimonio cultural monumentos fortaleza"},"content":{"rendered":"<div style=\"height:13px\" aria-hidden=\"true\" class=\"wp-block-spacer eplus-wrapper\"><\/div>\n\n\n\n<p class=\"is-style-default has-text-align-center has-heading-font-family eplus-wrapper\" style=\"font-size:clamp(1.071rem, 1.071rem + ((1vw - 0.2rem) * 0.982), 1.66rem);font-style:italic;font-weight:400\">En todas las \u00e9pocas, los gobernantes han conquistado y subyugado territorios extranjeros. Los ocupantes y los amenazados, por su parte, crearon defensas que construyeron cada vez m\u00e1s poderosas y sofisticadas frente a una tecnolog\u00eda armament\u00edstica en constante perfeccionamiento.<\/p>\n\n\n\n<div style=\"height:11px\" aria-hidden=\"true\" class=\"wp-block-spacer eplus-wrapper\"><\/div>\n\n\n\n<p class=\"eplus-wrapper\"><strong>\u201eArchitectura Militaris\u201c<\/strong>\u00a0- se refiere a este tipo especial de arquitectura de fortificaci\u00f3n, que ha dejado tras de s\u00ed un extraordinario patrimonio cultural que abarca varios milenios de la historia europea. Descubra una categor\u00eda de edificios apasionante y poco conocida, as\u00ed como sus diversas caracter\u00edsticas arquitect\u00f3nicas. Es testigo de los turbulentos y dram\u00e1ticos conflictos entre casas reinantes, dinast\u00edas e imperios hasta el pasado reciente de Europa.<\/p>\n\n\n\n<hr class=\"is-style-wide wp-block-separator aligncenter has-text-color has-accent-2-color has-alpha-channel-opacity has-accent-2-background-color has-background eplus-wrapper\" style=\"margin-top:var(--wp--preset--spacing--20);margin-bottom:var(--wp--preset--spacing--10)\"\/>\n\n\n<div class=\"wp-block-columns eplus-wrapper is-layout-flex wp-container-core-columns-is-layout-c5150b4a wp-block-columns-is-layout-flex eplus-styles-uid-d13c36\">\n<div class=\"wp-block-column has-accent-5-background-color has-background eplus-wrapper is-layout-flow wp-container-core-column-is-layout-64d94144 wp-block-column-is-layout-flow\" style=\"padding-top:var(--wp--preset--spacing--20);padding-right:var(--wp--preset--spacing--10);padding-bottom:var(--wp--preset--spacing--20);padding-left:var(--wp--preset--spacing--10)\">\n<h3 class=\"wp-block-heading has-text-align-center eplus-wrapper\" style=\"padding-right:0;padding-left:0\"><a href=\"https:\/\/forte-cultura.com\/kulturerbe-festungsmonumente\/geschichte-des-festungsbaus\/\" data-type=\"page\" data-id=\"1702\">Historia de la construcci\u00f3n de fortalezas<\/a><\/h3>\n\n\n\n<p class=\"has-text-align-center eplus-wrapper\" style=\"padding-right:0;padding-left:0\">La historia abarca desde las milenarias y sencillas fortificaciones de madera y terraplenes de tierra hasta las murallas y terraplenes fronterizos, por ejemplo, de romanos y chinos, y m\u00e1s tarde las murallas de las ciudades medievales, su transformaci\u00f3n en terraplenes y baluartes, fortalezas, ciudades fortificadas, sistemas de fortalezas y l\u00edneas de defensa.<\/p>\n<\/div>\n\n\n\n<div class=\"wp-block-column has-accent-background-color has-background eplus-wrapper is-layout-flow wp-block-column-is-layout-flow\" style=\"padding-top:var(--wp--preset--spacing--20);padding-right:var(--wp--preset--spacing--10);padding-bottom:var(--wp--preset--spacing--20);padding-left:var(--wp--preset--spacing--10)\">\n<h3 class=\"wp-block-heading has-text-align-center eplus-wrapper\"><a href=\"https:\/\/forte-cultura.com\/kulturerbe-festungsmonumente\/geschichte-des-festungsbaus\/festungsbau-vom-15-19-jahrhundert\/verteidigungslinien\/\" data-type=\"page\" data-id=\"2149\">Arquitectura de fortalezas de los siglos XV-XIX.<\/a><\/h3>\n\n\n\n<p class=\"has-text-align-center eplus-wrapper\">La introducci\u00f3n de las armas de fuego provoc\u00f3 un cambio fundamental en la construcci\u00f3n de fortalezas. Comenz\u00f3 una remodelaci\u00f3n y en muchos lugares incluso la sustituci\u00f3n completa de las fortificaciones y torres de los castillos por macizos baluartes, fuertes murallas con profundos fosos, adaptados a la bal\u00edstica y alcance de los nuevos proyectiles.<\/p>\n<\/div>\n\n\n\n<div class=\"wp-block-column has-accent-2-background-color has-background eplus-wrapper is-layout-flow wp-block-column-is-layout-flow\" style=\"padding-top:var(--wp--preset--spacing--20);padding-right:var(--wp--preset--spacing--10);padding-bottom:var(--wp--preset--spacing--20);padding-left:var(--wp--preset--spacing--10)\">\n<h3 class=\"wp-block-heading has-text-align-center eplus-wrapper\"><a href=\"https:\/\/forte-cultura.com\/kulturerbe-festungsmonumente\/geschichte-des-festungsbaus\/festungen-des-20-jahrhunderts\/\" data-type=\"page\" data-id=\"1892\">Arquitectura de fortalezas del siglo XX.<\/a><\/h3>\n\n\n\n<p class=\"has-text-align-center eplus-wrapper\">El desarrollo del hormig\u00f3n armado supuso el segundo cambio fundamental en la construcci\u00f3n de fortalezas. Las fortalezas de piedra eran en gran medida ineficaces contra las armas modernas. La construcci\u00f3n de fortalezas se camufl\u00f3 y se orient\u00f3 hacia el subsuelo. Se construyeron gigantescas l\u00edneas de b\u00fankeres, sistemas de defensa antia\u00e9rea y b\u00fankeres gubernamentales.<\/p>\n<\/div>\n<\/div>\n\n\n<hr class=\"is-style-wide wp-block-separator aligncenter has-text-color has-accent-2-color has-alpha-channel-opacity has-accent-2-background-color has-background eplus-wrapper\" style=\"margin-top:var(--wp--preset--spacing--10);margin-bottom:var(--wp--preset--spacing--10)\"\/>\n\n\n<div  class=\"wp-block-ultimate-post-ultp-taxonomy ultp-block-cd9f09\"><div class=\"ultp-block-wrapper\"><div class=\"ultp-loading\"><div class=\"ultp-loading-blocks\" style=\"width:100%;height:100%;\"><div style=\"left: 0;top: 0;animation-delay:0s;\"><\/div><div style=\"left: 21px;top: 0;animation-delay:0.125s;\"><\/div><div style=\"left: 42px;top: 0;animation-delay:0.25s;\"><\/div><div style=\"left: 0;top: 21px;animation-delay:0.875s;\"><\/div><div style=\"left: 42px;top: 21px;animation-delay:0.375s;\"><\/div><div style=\"left: 0;top: 42px;animation-delay:0.75s;\"><\/div><div style=\"left: 42px;top: 42px;animation-delay:0.625s;\"><\/div><div style=\"left: 21px;top: 42px;animation-delay:0.5s;\"><\/div><\/div><\/div><div class=\"ultp-heading-filter\"><div class=\"ultp-heading-filter-in\"><div class=\"ultp-heading-wrap ultp-heading-style9 ultp-heading-center\"><h2 class=\"ultp-heading-inner\"><span>Estaciones de FORTE CULTURA por tipo de fortaleza<\/span><\/h2><\/div><\/div><\/div><div class=\"ultp-block-items-wrap\"><ul class=\"ultp-taxonomy-items  ultp-taxonomy-animation-none ultp-taxonomy-column-3 ultp-taxonomy-layout-1\"><li class=\"ultp-block-item ultp-taxonomy-item\"><a href=\"https:\/\/forte-cultura.com\/es\/category\/festungserbe\/befestigte-burg\/\" ><span class=\"ultp-taxonomy-name\" >Castillo fortificado<\/span><span class=\"ultp-taxonomy-count\" >7<\/span><\/a><\/li><li class=\"ultp-block-item ultp-taxonomy-item\"><a href=\"https:\/\/forte-cultura.com\/es\/category\/festungserbe\/befestigte-idealstadt\/\" ><span class=\"ultp-taxonomy-name\" >Ciudad ideal fortificada<\/span><span class=\"ultp-taxonomy-count\" >5<\/span><\/a><\/li><li class=\"ultp-block-item ultp-taxonomy-item\"><a href=\"https:\/\/forte-cultura.com\/es\/category\/festungserbe\/befestigte-stadt\/\" ><span class=\"ultp-taxonomy-name\" >Ciudad fortificada<\/span><span class=\"ultp-taxonomy-count\" >3<\/span><\/a><\/li><li class=\"ultp-block-item ultp-taxonomy-item\"><a href=\"https:\/\/forte-cultura.com\/es\/category\/festungserbe\/befestigtes-schloss\/\" ><span class=\"ultp-taxonomy-name\" >Cerradura abrochada<\/span><span class=\"ultp-taxonomy-count\" >4<\/span><\/a><\/li><li class=\"ultp-block-item ultp-taxonomy-item\"><a href=\"https:\/\/forte-cultura.com\/es\/category\/festungserbe\/festung\/\" ><span class=\"ultp-taxonomy-name\" >Fortaleza<\/span><span class=\"ultp-taxonomy-count\" >10<\/span><\/a><\/li><li class=\"ultp-block-item ultp-taxonomy-item\"><a href=\"https:\/\/forte-cultura.com\/es\/category\/festungserbe\/festungssystem\/\" ><span class=\"ultp-taxonomy-name\" >Sistema de fortaleza<\/span><span class=\"ultp-taxonomy-count\" >16<\/span><\/a><\/li><li class=\"ultp-block-item ultp-taxonomy-item\"><a href=\"https:\/\/forte-cultura.com\/es\/category\/festungserbe\/fort\/\" ><span class=\"ultp-taxonomy-name\" >Fuera de casa<\/span><span class=\"ultp-taxonomy-count\" >3<\/span><\/a><\/li><li class=\"ultp-block-item ultp-taxonomy-item\"><a href=\"https:\/\/forte-cultura.com\/es\/category\/festungserbe\/verteidigungslinie\/\" ><span class=\"ultp-taxonomy-name\" >L\u00ednea de defensa<\/span><span class=\"ultp-taxonomy-count\" >1<\/span><\/a><\/li><li class=\"ultp-block-item ultp-taxonomy-item\"><a href=\"https:\/\/forte-cultura.com\/es\/category\/festungserbe\/zitadelle\/\" ><span class=\"ultp-taxonomy-name\" >Ciudadela<\/span><span class=\"ultp-taxonomy-count\" >6<\/span><\/a><\/li><li class=\"ultp-block-item ultp-taxonomy-item\"><a href=\"https:\/\/forte-cultura.com\/es\/category\/festungserbe-20-jh\/militaerbunker\/\" ><span class=\"ultp-taxonomy-name\" >B\u00fanker militar<\/span><span class=\"ultp-taxonomy-count\" >11<\/span><\/a><\/li><li class=\"ultp-block-item ultp-taxonomy-item\"><a href=\"https:\/\/forte-cultura.com\/es\/category\/festungserbe-20-jh\/regierungsbunker\/\" ><span class=\"ultp-taxonomy-name\" >B\u00fanker gubernamental<\/span><span class=\"ultp-taxonomy-count\" >3<\/span><\/a><\/li><li class=\"ultp-block-item ultp-taxonomy-item\"><a href=\"https:\/\/forte-cultura.com\/es\/category\/festungserbe-20-jh\/verteidigungslinie-20-jh\/\" ><span class=\"ultp-taxonomy-name\" >L\u00ednea de defensa Siglo XX.<\/span><span class=\"ultp-taxonomy-count\" >9<\/span><\/a><\/li><\/ul><\/div><\/div><\/div>\n\n\n<figure class=\"wp-block-image aligncenter size-large eplus-wrapper\"><img loading=\"lazy\" decoding=\"async\" width=\"1024\" height=\"865\" src=\"https:\/\/forte-cultura.com\/wp-content\/uploads\/2023\/11\/ECCOFORT_Festungskarte2023-1024x865.jpg\" alt=\"\" class=\"wp-image-108\" srcset=\"https:\/\/forte-cultura.com\/wp-content\/uploads\/2023\/11\/ECCOFORT_Festungskarte2023-1024x865.jpg 1024w, https:\/\/forte-cultura.com\/wp-content\/uploads\/2023\/11\/ECCOFORT_Festungskarte2023-300x254.jpg 300w, https:\/\/forte-cultura.com\/wp-content\/uploads\/2023\/11\/ECCOFORT_Festungskarte2023-768x649.jpg 768w, https:\/\/forte-cultura.com\/wp-content\/uploads\/2023\/11\/ECCOFORT_Festungskarte2023-1536x1298.jpg 1536w, https:\/\/forte-cultura.com\/wp-content\/uploads\/2023\/11\/ECCOFORT_Festungskarte2023.jpg 2000w\" sizes=\"auto, (max-width: 1024px) 100vw, 1024px\" \/><figcaption class=\"wp-element-caption\">Mapa de fortalezas de Europa \u00a9ECCOFORT e.V.<\/figcaption><\/figure>","protected":false},"excerpt":{"rendered":"<p>Zu allen Zeiten eroberten und unterwarfen Herrscher fremde Gebiete. Die Besatzer und auch die Bedrohten indes schufen sich Verteidigungsanlagen, die sie angesichts st\u00e4ndig verbesserter Waffentechnik immer m\u00e4chtiger und immer raffinierter [&hellip;]<\/p>\n","protected":false},"author":1,"featured_media":1700,"parent":0,"menu_order":0,"comment_status":"closed","ping_status":"closed","template":"","meta":{"editor_plus_copied_stylings":"{}","pgc_sgb_lightbox_settings":"","_price":"","_stock":"","_tribe_ticket_header":"","_tribe_default_ticket_provider":"","_tribe_ticket_capacity":"0","_ticket_start_date":"","_ticket_end_date":"","_tribe_ticket_show_description":"","_tribe_ticket_show_not_going":false,"_tribe_ticket_use_global_stock":"","_tribe_ticket_global_stock_level":"","_global_stock_mode":"","_global_stock_cap":"","_tribe_rsvp_for_event":"","_tribe_ticket_going_count":"","_tribe_ticket_not_going_count":"","_tribe_tickets_list":"[]","_tribe_ticket_has_attendee_info_fields":false,"_EventAllDay":false,"_EventTimezone":"","_EventStartDate":"","_EventEndDate":"","_EventStartDateUTC":"","_EventEndDateUTC":"","_EventShowMap":false,"_EventShowMapLink":false,"_EventURL":"","_EventCost":"","_EventCostDescription":"","_EventCurrencySymbol":"","_EventCurrencyCode":"","_EventCurrencyPosition":"","_EventDateTimeSeparator":"","_EventTimeRangeSeparator":"","_EventOrganizerID":[],"_EventVenueID":[],"_OrganizerEmail":"","_OrganizerPhone":"","_OrganizerWebsite":"","_VenueAddress":"","_VenueCity":"","_VenueCountry":"","_VenueProvince":"","_VenueState":"","_VenueZip":"","_VenuePhone":"","_VenueURL":"","_VenueStateProvince":"","_VenueLat":"","_VenueLng":"","_VenueShowMap":false,"_VenueShowMapLink":false,"footnotes":""},"class_list":["post-1262","page","type-page","status-publish","has-post-thumbnail","hentry"],"_links":{"self":[{"href":"https:\/\/forte-cultura.com\/es\/wp-json\/wp\/v2\/pages\/1262","targetHints":{"allow":["GET"]}}],"collection":[{"href":"https:\/\/forte-cultura.com\/es\/wp-json\/wp\/v2\/pages"}],"about":[{"href":"https:\/\/forte-cultura.com\/es\/wp-json\/wp\/v2\/types\/page"}],"author":[{"embeddable":true,"href":"https:\/\/forte-cultura.com\/es\/wp-json\/wp\/v2\/users\/1"}],"replies":[{"embeddable":true,"href":"https:\/\/forte-cultura.com\/es\/wp-json\/wp\/v2\/comments?post=1262"}],"version-history":[{"count":0,"href":"https:\/\/forte-cultura.com\/es\/wp-json\/wp\/v2\/pages\/1262\/revisions"}],"wp:featuredmedia":[{"embeddable":true,"href":"https:\/\/forte-cultura.com\/es\/wp-json\/wp\/v2\/media\/1700"}],"wp:attachment":[{"href":"https:\/\/forte-cultura.com\/es\/wp-json\/wp\/v2\/media?parent=1262"}],"curies":[{"name":"wp","href":"https:\/\/api.w.org\/{rel}","templated":true}]}}

<div style="height:13px" aria-hidden="true" class="wp-block-spacer eplus-wrapper"></div>



<p class="is-style-default has-text-align-center has-heading-font-family eplus-wrapper" style="font-size:clamp(1.071rem, 1.071rem + ((1vw - 0.2rem) * 0.982), 1.66rem);font-style:italic;font-weight:400">En todas las épocas, los gobernantes han conquistado y subyugado territorios extranjeros. Los ocupantes y los amenazados, por su parte, crearon defensas que construyeron cada vez más poderosas y sofisticadas frente a una tecnología armamentística en constante perfeccionamiento.</p>



<div style="height:11px" aria-hidden="true" class="wp-block-spacer eplus-wrapper"></div>



<p class="eplus-wrapper"><strong>„Architectura Militaris“</strong> - se refiere a este tipo especial de arquitectura de fortificación, que ha dejado tras de sí un extraordinario patrimonio cultural que abarca varios milenios de la historia europea. Descubra una categoría de edificios apasionante y poco conocida, así como sus diversas características arquitectónicas. Es testigo de los turbulentos y dramáticos conflictos entre casas reinantes, dinastías e imperios hasta el pasado reciente de Europa.</p>



<hr class="is-style-wide wp-block-separator aligncenter has-text-color has-accent-2-color has-alpha-channel-opacity has-accent-2-background-color has-background eplus-wrapper" style="margin-top:var(--wp--preset--spacing--20);margin-bottom:var(--wp--preset--spacing--10)"/>


<div class="wp-block-columns eplus-wrapper is-layout-flex wp-container-core-columns-is-layout-c5150b4a wp-block-columns-is-layout-flex eplus-styles-uid-d13c36">
<div class="wp-block-column has-accent-5-background-color has-background eplus-wrapper is-layout-flow wp-container-core-column-is-layout-64d94144 wp-block-column-is-layout-flow" style="padding-top:var(--wp--preset--spacing--20);padding-right:var(--wp--preset--spacing--10);padding-bottom:var(--wp--preset--spacing--20);padding-left:var(--wp--preset--spacing--10)">
<h3 class="wp-block-heading has-text-align-center eplus-wrapper" style="padding-right:0;padding-left:0"><a href="https://forte-cultura.com/kulturerbe-festungsmonumente/geschichte-des-festungsbaus/" data-type="page" data-id="1702">Historia de la construcción de fortalezas</a></h3>



<p class="has-text-align-center eplus-wrapper" style="padding-right:0;padding-left:0">La historia abarca desde las milenarias y sencillas fortificaciones de madera y terraplenes de tierra hasta las murallas y terraplenes fronterizos, por ejemplo, de romanos y chinos, y más tarde las murallas de las ciudades medievales, su transformación en terraplenes y baluartes, fortalezas, ciudades fortificadas, sistemas de fortalezas y líneas de defensa.</p>
</div>



<div class="wp-block-column has-accent-background-color has-background eplus-wrapper is-layout-flow wp-block-column-is-layout-flow" style="padding-top:var(--wp--preset--spacing--20);padding-right:var(--wp--preset--spacing--10);padding-bottom:var(--wp--preset--spacing--20);padding-left:var(--wp--preset--spacing--10)">
<h3 class="wp-block-heading has-text-align-center eplus-wrapper"><a href="https://forte-cultura.com/kulturerbe-festungsmonumente/geschichte-des-festungsbaus/festungsbau-vom-15-19-jahrhundert/verteidigungslinien/" data-type="page" data-id="2149">Arquitectura de fortalezas de los siglos XV-XIX.</a></h3>



<p class="has-text-align-center eplus-wrapper">La introducción de las armas de fuego provocó un cambio fundamental en la construcción de fortalezas. Comenzó una remodelación y en muchos lugares incluso la sustitución completa de las fortificaciones y torres de los castillos por macizos baluartes, fuertes murallas con profundos fosos, adaptados a la balística y alcance de los nuevos proyectiles.</p>
</div>



<div class="wp-block-column has-accent-2-background-color has-background eplus-wrapper is-layout-flow wp-block-column-is-layout-flow" style="padding-top:var(--wp--preset--spacing--20);padding-right:var(--wp--preset--spacing--10);padding-bottom:var(--wp--preset--spacing--20);padding-left:var(--wp--preset--spacing--10)">
<h3 class="wp-block-heading has-text-align-center eplus-wrapper"><a href="https://forte-cultura.com/kulturerbe-festungsmonumente/geschichte-des-festungsbaus/festungen-des-20-jahrhunderts/" data-type="page" data-id="1892">Arquitectura de fortalezas del siglo XX.</a></h3>



<p class="has-text-align-center eplus-wrapper">El desarrollo del hormigón armado supuso el segundo cambio fundamental en la construcción de fortalezas. Las fortalezas de piedra eran en gran medida ineficaces contra las armas modernas. La construcción de fortalezas se camufló y se orientó hacia el subsuelo. Se construyeron gigantescas líneas de búnkeres, sistemas de defensa antiaérea y búnkeres gubernamentales.</p>
</div>
</div>


<hr class="is-style-wide wp-block-separator aligncenter has-text-color has-accent-2-color has-alpha-channel-opacity has-accent-2-background-color has-background eplus-wrapper" style="margin-top:var(--wp--preset--spacing--10);margin-bottom:var(--wp--preset--spacing--10)"/>


<div  class="wp-block-ultimate-post-ultp-taxonomy ultp-block-cd9f09"><div class="ultp-block-wrapper"><div class="ultp-loading"><div class="ultp-loading-blocks" style="width:100%;height:100%;"><div style="left: 0;top: 0;animation-delay:0s;"></div><div style="left: 21px;top: 0;animation-delay:0.125s;"></div><div style="left: 42px;top: 0;animation-delay:0.25s;"></div><div style="left: 0;top: 21px;animation-delay:0.875s;"></div><div style="left: 42px;top: 21px;animation-delay:0.375s;"></div><div style="left: 0;top: 42px;animation-delay:0.75s;"></div><div style="left: 42px;top: 42px;animation-delay:0.625s;"></div><div style="left: 21px;top: 42px;animation-delay:0.5s;"></div></div></div><div class="ultp-heading-filter"><div class="ultp-heading-filter-in"><div class="ultp-heading-wrap ultp-heading-style9 ultp-heading-center"><h2 class="ultp-heading-inner"><span>Estaciones de FORTE CULTURA por tipo de fortaleza</span></h2></div></div></div><div class="ultp-block-items-wrap"><ul class="ultp-taxonomy-items  ultp-taxonomy-animation-none ultp-taxonomy-column-3 ultp-taxonomy-layout-1"><li class="ultp-block-item ultp-taxonomy-item"><a href="https://forte-cultura.com/es/category/festungserbe/befestigte-burg/" ><span class="ultp-taxonomy-name" >Castillo fortificado</span><span class="ultp-taxonomy-count" >7</span></a></li><li class="ultp-block-item ultp-taxonomy-item"><a href="https://forte-cultura.com/es/category/festungserbe/befestigte-idealstadt/" ><span class="ultp-taxonomy-name" >Ciudad ideal fortificada</span><span class="ultp-taxonomy-count" >5</span></a></li><li class="ultp-block-item ultp-taxonomy-item"><a href="https://forte-cultura.com/es/category/festungserbe/befestigte-stadt/" ><span class="ultp-taxonomy-name" >Ciudad fortificada</span><span class="ultp-taxonomy-count" >3</span></a></li><li class="ultp-block-item ultp-taxonomy-item"><a href="https://forte-cultura.com/es/category/festungserbe/befestigtes-schloss/" ><span class="ultp-taxonomy-name" >Cerradura abrochada</span><span class="ultp-taxonomy-count" >4</span></a></li><li class="ultp-block-item ultp-taxonomy-item"><a href="https://forte-cultura.com/es/category/festungserbe/festung/" ><span class="ultp-taxonomy-name" >Fortaleza</span><span class="ultp-taxonomy-count" >10</span></a></li><li class="ultp-block-item ultp-taxonomy-item"><a href="https://forte-cultura.com/es/category/festungserbe/festungssystem/" ><span class="ultp-taxonomy-name" >Sistema de fortaleza</span><span class="ultp-taxonomy-count" >16</span></a></li><li class="ultp-block-item ultp-taxonomy-item"><a href="https://forte-cultura.com/es/category/festungserbe/fort/" ><span class="ultp-taxonomy-name" >Fuera de casa</span><span class="ultp-taxonomy-count" >3</span></a></li><li class="ultp-block-item ultp-taxonomy-item"><a href="https://forte-cultura.com/es/category/festungserbe/verteidigungslinie/" ><span class="ultp-taxonomy-name" >Línea de defensa</span><span class="ultp-taxonomy-count" >1</span></a></li><li class="ultp-block-item ultp-taxonomy-item"><a href="https://forte-cultura.com/es/category/festungserbe/zitadelle/" ><span class="ultp-taxonomy-name" >Ciudadela</span><span class="ultp-taxonomy-count" >6</span></a></li><li class="ultp-block-item ultp-taxonomy-item"><a href="https://forte-cultura.com/es/category/festungserbe-20-jh/militaerbunker/" ><span class="ultp-taxonomy-name" >Búnker militar</span><span class="ultp-taxonomy-count" >11</span></a></li><li class="ultp-block-item ultp-taxonomy-item"><a href="https://forte-cultura.com/es/category/festungserbe-20-jh/regierungsbunker/" ><span class="ultp-taxonomy-name" >Búnker gubernamental</span><span class="ultp-taxonomy-count" >3</span></a></li><li class="ultp-block-item ultp-taxonomy-item"><a href="https://forte-cultura.com/es/category/festungserbe-20-jh/verteidigungslinie-20-jh/" ><span class="ultp-taxonomy-name" >Línea de defensa Siglo XX.</span><span class="ultp-taxonomy-count" >9</span></a></li></ul></div></div></div>


<figure class="wp-block-image aligncenter size-large eplus-wrapper"><img loading="lazy" decoding="async" width="1024" height="865" src="https://forte-cultura.com/wp-content/uploads/2023/11/ECCOFORT_Festungskarte2023-1024x865.jpg" alt="" class="wp-image-108" srcset="https://forte-cultura.com/wp-content/uploads/2023/11/ECCOFORT_Festungskarte2023-1024x865.jpg 1024w, https://forte-cultura.com/wp-content/uploads/2023/11/ECCOFORT_Festungskarte2023-300x254.jpg 300w, https://forte-cultura.com/wp-content/uploads/2023/11/ECCOFORT_Festungskarte2023-768x649.jpg 768w, https://forte-cultura.com/wp-content/uploads/2023/11/ECCOFORT_Festungskarte2023-1536x1298.jpg 1536w, https://forte-cultura.com/wp-content/uploads/2023/11/ECCOFORT_Festungskarte2023.jpg 2000w" sizes="auto, (max-width: 1024px) 100vw, 1024px" /><figcaption class="wp-element-caption">Mapa de fortalezas de Europa ©ECCOFORT e.V.</figcaption></figure>

<p>Zu allen Zeiten eroberten und unterwarfen Herrscher fremde Gebiete. Die Besatzer und auch die Bedrohten indes schufen sich Verteidigungsanlagen, die sie angesichts ständig verbesserter Waffentechnik immer mächtiger und immer raffinierter [&hellip;]</p>
